 greatest common factor of 420 and 348705?
105
Calculate the highest common factor of 192 and 15424.
64
Calculate the highest common divisor of 28765 and 88.
11
What is the greatest common factor of 23166 and 3718?
286
What is the greatest common factor of 12 and 100728?
12
Calculate the greatest common divisor of 28512 and 108.
108
Calculate the greatest common factor of 32470 and 510.
170
Calculate the greatest common divisor of 279123 and 663.
663
What is the greatest common divisor of 149028 and 1100?
44
Calculate the greatest common factor of 1687 and 4338.
241
Calculate the greatest common factor of 27 and 4969620.
27
Calculate the highest common divisor of 251 and 181473.
251
What is the greatest common divisor of 19295 and 4313?
227
Calculate the greatest common divisor of 50 and 330550.
50
Calculate the greatest common factor of 672343 and 7.
7
Calculate the highest common factor of 246045 and 8376.
1047
What is the highest common divisor of 152053 and 253?
253
What is the highest common divisor of 2530 and 12995?
115
Calculate the greatest common factor of 59099 and 339.
113
What is the greatest common divisor of 1123 and 9?
1
Calculate the greatest common divisor of 555 and 76890.
15
Calculate the greatest common factor of 2717 and 24167.
143
What is the greatest common divisor of 377 and 1472939?
377
Calculate the highest common factor of 1934 and 1227123.
967
What is the greatest common divisor of 62124 and 372?
372
Calculate the highest common divisor of 128 and 6051712.
128
Calculate the highest common divisor of 173213 and 897.
23
What is the highest common divisor of 62495 and 261?
29
Calculate the greatest common factor of 6032 and 936.
104
Calculate the greatest common divisor of 166889 and 119.
17
What is the highest common divisor of 391322 and 9729?
1081
Calculate the highest common factor of 6210 and 290.
10
What is the highest common divisor of 2420 and 260?
20
What is the greatest common divisor of 8096 and 55?
11
What is the greatest common divisor of 45058 and 78?
26
Calculate the greatest common divisor of 841548 and 228.
228
Calculate the greatest common divisor of 42212 and 27680.
692
What is the highest common factor of 17 and 590750?
17
Calculate the highest common factor of 3208 and 197693.
401
Calculate the highest common factor of 78956 and 8.
4
What is the highest common divisor of 18315 and 14355?
495
Calculate the greatest common divisor of 96 and 1500.
12
Calculate the highest common divisor of 12217179 and 507.
507
What is the greatest common divisor of 96 and 5518?
2
What is the highest common divisor of 162 and 633177?
81
Calculate the greatest common divisor of 142245 and 58.
29
What is the greatest common divisor of 2057 and 9146?
17
Calculate the greatest common divisor of 3591 and 17346.
21
Calculate the highest common factor of 1929 and 62371.
643
What is the highest common divisor of 13940 and 35711?
41
Calculate the highest common divisor of 23543 and 156.
13
Calculate the highest common divisor of 132 and 987822.
66
Calculate the greatest common factor of 135 and 1767609.
27
What is the highest common factor of 441 and 2317?
7
What is the greatest common factor of 245 and 2460?
5
What is the greatest common divisor of 980 and 30940?
140
What is the greatest common factor of 856 and 1398276?
428
What is the highest common divisor of 3008 and 1536?
64
What is the highest common factor of 1101 and 112669?
367
What is the highest common factor of 86581 and 187?
187
What is the highest common factor of 20184 and 384?
24
Calculate the greatest common factor of 18 and 203598.
18
What is the greatest common factor of 2525285 and 140?
35
What is the highest common divisor of 121319 and 902?
451
What is the greatest common factor of 8021 and 13574?
617
Calculate the greatest common divisor of 90 and 45837.
9
Calculate the highest common factor of 6368 and 4.
4
Calculate the highest common divisor of 6802 and 1957.
19
Calculate the highest common divisor of 51 and 54247.
17
What is the greatest common factor of 486445 and 359?
359
Calculate the highest common divisor of 92862 and 341.
11
Calculate the greatest common divisor of 297 and 189915.
33
What is the greatest common factor of 45 and 286065?
45
Calculate the greatest common divisor of 1205148 and 588.
84
Calculate the highest common factor of 138 and 2555898.
138
What is the greatest common factor of 594795 and 1425?
285
Calculate the highest common divisor of 250 and 80.
10
What is the highest common divisor of 779712 and 1248?
96
What is the highest common divisor of 6 and 673422?
6
Calculate the highest common factor of 2214 and 43002.
18
What is the highest common divisor of 3209546 and 116?
58
What is the greatest common divisor of 96951 and 153?
51
What is the greatest common factor of 483 and 1351?
7
What is the highest common divisor of 745015 and 327?
109
Calculate the greatest common factor of 8651 and 21733.
211
What is the greatest common factor of 27157 and 1079?
13
Calculate the highest common divisor of 10145 and 15.
5
Calculate the highest common factor of 154 and 1020404.
154
Calculate the greatest common divisor of 121852 and 2.
2
What is the greatest common divisor of 6625 and 7685?
265
What is the highest common factor of 832736 and 27136?
1696
What is the highest common divisor of 2094 and 99?
3
What is the highest common factor of 361639 and 1263?
421
What is the highest common factor of 88125 and 141?
141
What is the greatest common divisor of 4368 and 1442532?
1092
What is the greatest common factor of 169328 and 342?
38
What is the highest common factor of 1064 and 951672?
152
What is the highest common factor of 6480 and 43760?
80
What is the greatest common factor of 130 and 608270?
130
Calculate the highest common factor of 9801 and 22.
11
What is the greatest common divisor of 1643 and 31?
31
Calculate the highest common divisor of 380170 and 70.
70
Calculate the highest common factor of 65 and 196430.
65
What is the highest common divisor of 3568 and 2864?
16
What is the highest common divisor of 103 and 490795?
103
Calculate the highest common divisor of 4678520 and 22.
22
Calculate the highest common divisor of 16 and 2220.
4
Calculate the greatest common factor of 1280 and 1630.
10
Calculate the greatest common factor of 74277 and 1323.
189
Calculate the highest common divisor of 7962 and 6.
6
What is the greatest common factor of 8835 and 62?
31
Calculate the greatest common factor of 40504 and 3538.
122
What is the greatest common factor of 5 and 71906?
1
Calculate the highest common factor of 917 and 1379.
7
Calculate the highest common divisor of 6890 and 1690.
130
What is the greatest common factor of 3087 and 3871?
49
What is the highest common factor of 1539 and 134349?
57
Calculate the greatest common divisor of 778 and 2692658.
778
What is the highest common factor of 497 and 14555?
71
Calculate the highest common factor of 2793 and 9177.
399
Calculate the highest common factor of 3429 and 837.
27
What is the greatest common divisor of 132 and 15780?
12
What is the greatest common factor of 1860 and 120756?
12
What is the greatest common factor of 225 and 6795?
45
Calculate the greatest common factor of 9268 and 140.
28
What is the highest common factor of 82041 and 435?
87
Calculate the highest common factor of 15 and 595785.
15
What is the greatest common factor of 23200 and 320?
160
Calculate the highest common factor of 854 and 2744.
14
What is the greatest common factor of 51770 and 5487?
31
What is the greatest common divisor of 9514784 and 928?
928
What is the greatest common divisor of 12264 and 2701?
73
What is the greatest common factor of 13026321 and 231?
231
Calculate the highest common divisor of 240637 and 7270.
727
What is the greatest common factor of 1899 and 1305?
9
What is the greatest common divisor of 9995 and 40?
5
What is the greatest common factor of 2840 and 265?
5
What is the greatest common divisor of 103032 and 53?
53
Calculate the greatest common divisor of 66272 and 763.
109
What is the highest common divisor of 4787844 and 801?
267
What is the highest common factor of 150220 and 4662?
518
What is the greatest common divisor of 87 and 61741?
29
Calculate the greatest comm